{"id":1570,"date":"2021-10-16T14:22:22","date_gmt":"2021-10-16T12:22:22","guid":{"rendered":"https:\/\/www.elix-funboard.com\/?page_id=1570"},"modified":"2025-12-19T19:30:11","modified_gmt":"2025-12-19T18:30:11","slug":"condor-concept","status":"publish","type":"page","link":"https:\/\/www.elix-funboard.com\/index.php\/condor-concept\/","title":{"rendered":"CONDOR Concept"},"content":{"rendered":"<div id='av_section_1' class='avia-section main_color avia-section-no-padding avia-no-border-styling avia-bg-style-scroll  avia-builder-el-0  el_before_av_one_full  avia-builder-el-first    av-small-hide av-mini-hide av-minimum-height av-minimum-height-100  av-section-with-video-bg av-section-mobile-video-disabled container_wrap fullsize' style='background-repeat: no-repeat; background-image: url(https:\/\/www.elix-funboard.com\/wp-content\/uploads\/2021\/10\/top-condor-concept.jpg);background-attachment: scroll; background-position: center center;  '  data-section-bg-repeat='no-repeat' data-av_minimum_height_pc='100' data-section-video-ratio='16:9'><div  data-size='featured'  data-lightbox_size='large'  data-animation='slide'  data-conditional_play=''  data-ids=''  data-video_counter='1'  data-autoplay='false'  data-bg_slider='false'  data-slide_height=''  data-handle=''  data-interval='5'  data-class=' av-section-video-bg'  data-css_id=''  data-scroll_down=''  data-control_layout=''  data-custom_markup=''  data-perma_caption=''  data-autoplay_stopper=''  data-image_attachment=''  data-min_height='0px'  data-default-height='28.666666666667'  class='avia-slideshow avia-slideshow-1  av-default-height-applied avia-slideshow-featured   av-section-video-bg avia-slide-slider '  itemprop=\"image\" itemscope=\"itemscope\" itemtype=\"https:\/\/schema.org\/ImageObject\" ><ul class='avia-slideshow-inner ' style='padding-bottom: 28.666666666667%;' ><li  data-controls='disabled' data-mute='1' data-loop='1' data-disable-autoplay=''  data-video-ratio='3.4883720930233' class=' av-video-slide  av-video-service-youtube  av-hide-video-controls av-mute-video av-loop-video av-single-slide slide-1 ' ><div data-rel='slideshow-1' class='avia-slide-wrap '   ><div class='av-click-overlay'><\/div><div class='mejs-mediaelement'><div height='1600' width='900' class='av_youtube_frame' id='player_1570_1045472334_680123954'  data-autoplay='0'  data-videoid='JxHe5iPu5PY'  data-hd='1'  data-rel='0'  data-wmode='opaque'  data-loop='0'  data-version='3'  data-autohide='1'  data-color='white'  data-controls='0'  data-showinfo='0'  data-iv_load_policy='3'  data-original_url='https:\/\/youtu.be\/JxHe5iPu5PY' ><\/div><\/div><div class='av-click-to-play-overlay'><div class=\"avia_playpause_icon\"><\/div><\/div><\/div><\/li><\/ul><\/div><div class='container' ><main  role=\"main\" itemprop=\"mainContentOfPage\"  class='template-page content  av-content-full alpha units'><div class='post-entry post-entry-type-page post-entry-1570'><div class='entry-content-wrapper clearfix'>\n<section class=\"av_textblock_section \"  itemscope=\"itemscope\" itemtype=\"https:\/\/schema.org\/CreativeWork\" ><div class='avia_textblock  av_inherit_color '  style='color:#ffffff; '  itemprop=\"text\" ><h1 style=\"text-align: right;\">CONDOR CONCEPT<\/h1>\n<\/div><\/section>\n<\/div><\/div><\/main><!-- close content main element --><\/div><\/div><div id='after_section_1' class='main_color av_default_container_wrap container_wrap fullsize' style=' '  ><div class='container' ><div class='template-page content  av-content-full alpha units'><div class='post-entry post-entry-type-page post-entry-1570'><div class='entry-content-wrapper clearfix'>\n<div class='flex_column_table av-equal-height-column-flextable -flextable' ><div class=\"flex_column av_one_full  flex_column_table_cell av-equal-height-column av-align-middle av-zero-column-padding first  avia-builder-el-2  el_after_av_section  el_before_av_textblock  avia-builder-el-first   \" style='border-radius:0px; '><section class=\"av_textblock_section \"  itemscope=\"itemscope\" itemtype=\"https:\/\/schema.org\/CreativeWork\" ><div class='avia_textblock  '   itemprop=\"text\" ><\/div><\/section>\n<p align=\"center\"><strong>CONDOR CONCEPT<\/strong><\/p>\n<p align=\"center\">Nous entrons dans le domaine de l\u2019a\u00e9ro.<\/p>\n<p align=\"center\">Des sensations en vol totalement nouvelles.<\/p>\n<p align=\"center\">Construction full carbone pr\u00e9impr\u00e9gn\u00e9.<\/p>\n<p align=\"center\">La construction en carbone pr\u00e9impr\u00e9gn\u00e9 offre une rigidit\u00e9 longitudinale et en torsion \u00e9lev\u00e9e, indispensable pour une transmission directe de l\u2019\u00e9nergie vers le foil.<\/p>\n<p align=\"center\">R\u00e9sultat : d\u00e9part au vol rapide, contr\u00f4le ultra pr\u00e9cis et vitesse.<\/p>\n<p align=\"center\">Fabrication fran\u00e7aise<\/p>\n<p align=\"center\">Enti\u00e8rement fabriqu\u00e9 en France, le CONDOR b\u00e9n\u00e9ficie d\u2019un niveau de finition haut de gamme et d\u2019un contr\u00f4le qualit\u00e9 rigoureux.<\/p>\n<p align=\"center\">Sur l\u2019eau<\/p>\n<p align=\"center\">\u2022 D\u00e9collage pr\u00e9coce<\/p>\n<p align=\"center\">\u2022 Plateforme ultra stable<\/p>\n<p align=\"center\">\u2022 Excellente gestion des appuis<\/p>\n<p align=\"center\">\u2022 Contr\u00f4le \u00e0 haute vitesse<\/p>\n<p align=\"center\">\u2022 Maximum de sensations<\/p>\n<section class=\"av_textblock_section \"  itemscope=\"itemscope\" itemtype=\"https:\/\/schema.org\/CreativeWork\" ><div class='avia_textblock  '   itemprop=\"text\" ><\/div><\/section>\n<p style=\"text-align: center;\" align=\"center\"><strong>Le CONDOR est un flotteur 100 % foil, pens\u00e9 pour les riders engag\u00e9s qui recherchent sensations, performance, fiabilit\u00e9 et pr\u00e9cision, sans compromis.<\/strong><\/p>\n<p><div class=\"flex_column av_one_full  flex_column_div av-zero-column-padding first  avia-builder-el-5  el_after_av_textblock  avia-builder-el-last  column-top-margin\" style='border-radius:0px; '><\/div><br \/>\n<div  data-autoplay=''  data-interval='5'  data-animation='fade'  data-hoverpause='1'  class='template-shop avia-content-slider avia-content-grid-active avia-product-slider1 avia-content-slider-odd  avia-builder-el-6  el_before_av_hr  avia-builder-el-first    shop_columns_3' ><div class='avia-content-slider-inner'><ul class=\"products\"><li class=\"product type-product post-1993 status-publish first onbackorder product_cat-condor-concept has-post-thumbnail shipping-taxable purchasable product-type-simple\">\n\t<div class='inner_product main_color wrapped_style noLightbox  av-product-class-'><div class='thumbnail_container'><img width=\"400\" height=\"400\" src=\"https:\/\/www.elix-funboard.com\/wp-content\/uploads\/2025\/12\/F1W-CC-R33-pont-1-400x400.png\" class=\"attachment-shop_catalog size-shop_catalog wp-post-image\" alt=\"\" loading=\"lazy\" srcset=\"https:\/\/www.elix-funboard.com\/wp-content\/uploads\/2025\/12\/F1W-CC-R33-pont-1-400x400.png 400w, https:\/\/www.elix-funboard.com\/wp-content\/uploads\/2025\/12\/F1W-CC-R33-pont-1-80x80.png 80w, https:\/\/www.elix-funboard.com\/wp-content\/uploads\/2025\/12\/F1W-CC-R33-pont-1-36x36.png 36w, https:\/\/www.elix-funboard.com\/wp-content\/uploads\/2025\/12\/F1W-CC-R33-pont-1-180x180.png 180w, https:\/\/www.elix-funboard.com\/wp-content\/uploads\/2025\/12\/F1W-CC-R33-pont-1-100x100.png 100w\" sizes=\"(max-width: 400px) 100vw, 400px\" \/><span class='cart-loading'><\/span><\/div><div class='inner_product_header'><div class='avia-arrow'><\/div><div class='inner_product_header_table'><div class='inner_product_header_cell'><\/div><\/div><\/div><div class='avia_cart_buttons '><a href=\"?add-to-cart=1993\" data-quantity=\"1\" class=\"button product_type_simple add_to_cart_button ajax_add_to_cart\" data-product_id=\"1993\" data-product_sku=\"\" aria-label=\"Ajouter &ldquo;F1X-CC R33&rdquo; \u00e0 votre panier\" rel=\"nofollow\"><span aria-hidden='true' data-av_icon='\ue859' data-av_iconfont='entypo-fontello'><\/span> Ajouter au panier<\/a><a class=\"button show_details_button\" href=\"https:\/\/www.elix-funboard.com\/index.php\/produit\/f1x-cc-r33\/\"><span aria-hidden='true' data-av_icon='\ue84b' data-av_iconfont='entypo-fontello'><\/span>  Voir les d\u00e9tails<\/a> <span class='button-mini-delimiter'><\/span><\/div><\/div><\/li>\n<li class=\"product type-product post-1995 status-publish onbackorder product_cat-condor-concept has-post-thumbnail shipping-taxable purchasable product-type-simple\">\n\t<div class='inner_product main_color wrapped_style noLightbox  av-product-class-'><div class='thumbnail_container'><img width=\"400\" height=\"400\" src=\"https:\/\/www.elix-funboard.com\/wp-content\/uploads\/2025\/12\/F1W-CC-F16-pont-400x400.png\" class=\"attachment-shop_catalog size-shop_catalog wp-post-image\" alt=\"\" loading=\"lazy\" srcset=\"https:\/\/www.elix-funboard.com\/wp-content\/uploads\/2025\/12\/F1W-CC-F16-pont-400x400.png 400w, https:\/\/www.elix-funboard.com\/wp-content\/uploads\/2025\/12\/F1W-CC-F16-pont-80x80.png 80w, https:\/\/www.elix-funboard.com\/wp-content\/uploads\/2025\/12\/F1W-CC-F16-pont-36x36.png 36w, https:\/\/www.elix-funboard.com\/wp-content\/uploads\/2025\/12\/F1W-CC-F16-pont-180x180.png 180w, https:\/\/www.elix-funboard.com\/wp-content\/uploads\/2025\/12\/F1W-CC-F16-pont-100x100.png 100w\" sizes=\"(max-width: 400px) 100vw, 400px\" \/><span class='cart-loading'><\/span><\/div><div class='inner_product_header'><div class='avia-arrow'><\/div><div class='inner_product_header_table'><div class='inner_product_header_cell'><\/div><\/div><\/div><div class='avia_cart_buttons '><a href=\"?add-to-cart=1995\" data-quantity=\"1\" class=\"button product_type_simple add_to_cart_button ajax_add_to_cart\" data-product_id=\"1995\" data-product_sku=\"\" aria-label=\"Ajouter &ldquo;F1X-CC F16&rdquo; \u00e0 votre panier\" rel=\"nofollow\"><span aria-hidden='true' data-av_icon='\ue859' data-av_iconfont='entypo-fontello'><\/span> Ajouter au panier<\/a><a class=\"button show_details_button\" href=\"https:\/\/www.elix-funboard.com\/index.php\/produit\/f1x-cc-f16\/\"><span aria-hidden='true' data-av_icon='\ue84b' data-av_iconfont='entypo-fontello'><\/span>  Voir les d\u00e9tails<\/a> <span class='button-mini-delimiter'><\/span><\/div><\/div><\/li>\n<li class=\"product type-product post-1997 status-publish last onbackorder product_cat-condor-concept has-post-thumbnail shipping-taxable purchasable product-type-simple\">\n\t<div class='inner_product main_color wrapped_style noLightbox  av-product-class-'><div class='thumbnail_container'><img width=\"400\" height=\"400\" src=\"https:\/\/www.elix-funboard.com\/wp-content\/uploads\/2025\/12\/F1W-CC-A14-pont-400x400.png\" class=\"attachment-shop_catalog size-shop_catalog wp-post-image\" alt=\"\" loading=\"lazy\" srcset=\"https:\/\/www.elix-funboard.com\/wp-content\/uploads\/2025\/12\/F1W-CC-A14-pont-400x400.png 400w, https:\/\/www.elix-funboard.com\/wp-content\/uploads\/2025\/12\/F1W-CC-A14-pont-80x80.png 80w, https:\/\/www.elix-funboard.com\/wp-content\/uploads\/2025\/12\/F1W-CC-A14-pont-36x36.png 36w, https:\/\/www.elix-funboard.com\/wp-content\/uploads\/2025\/12\/F1W-CC-A14-pont-180x180.png 180w, https:\/\/www.elix-funboard.com\/wp-content\/uploads\/2025\/12\/F1W-CC-A14-pont-100x100.png 100w\" sizes=\"(max-width: 400px) 100vw, 400px\" \/><span class='cart-loading'><\/span><\/div><div class='inner_product_header'><div class='avia-arrow'><\/div><div class='inner_product_header_table'><div class='inner_product_header_cell'><\/div><\/div><\/div><div class='avia_cart_buttons '><a href=\"?add-to-cart=1997\" data-quantity=\"1\" class=\"button product_type_simple add_to_cart_button ajax_add_to_cart\" data-product_id=\"1997\" data-product_sku=\"\" aria-label=\"Ajouter &ldquo;F1X-CC A14&rdquo; \u00e0 votre panier\" rel=\"nofollow\"><span aria-hidden='true' data-av_icon='\ue859' data-av_iconfont='entypo-fontello'><\/span> Ajouter au panier<\/a><a class=\"button show_details_button\" href=\"https:\/\/www.elix-funboard.com\/index.php\/produit\/f1x-cc-a14\/\"><span aria-hidden='true' data-av_icon='\ue84b' data-av_iconfont='entypo-fontello'><\/span>  Voir les d\u00e9tails<\/a> <span class='button-mini-delimiter'><\/span><\/div><\/div><\/li>\n<li class=\"product type-product post-1998 status-publish first onbackorder product_cat-condor-concept has-post-thumbnail shipping-taxable purchasable product-type-simple\">\n\t<div class='inner_product main_color wrapped_style noLightbox  av-product-class-'><div class='thumbnail_container'><img width=\"400\" height=\"400\" src=\"https:\/\/www.elix-funboard.com\/wp-content\/uploads\/2025\/12\/F1W-CC-M1-pont-400x400.png\" class=\"attachment-shop_catalog size-shop_catalog wp-post-image\" alt=\"\" loading=\"lazy\" srcset=\"https:\/\/www.elix-funboard.com\/wp-content\/uploads\/2025\/12\/F1W-CC-M1-pont-400x400.png 400w, https:\/\/www.elix-funboard.com\/wp-content\/uploads\/2025\/12\/F1W-CC-M1-pont-80x80.png 80w, https:\/\/www.elix-funboard.com\/wp-content\/uploads\/2025\/12\/F1W-CC-M1-pont-36x36.png 36w, https:\/\/www.elix-funboard.com\/wp-content\/uploads\/2025\/12\/F1W-CC-M1-pont-180x180.png 180w, https:\/\/www.elix-funboard.com\/wp-content\/uploads\/2025\/12\/F1W-CC-M1-pont-100x100.png 100w\" sizes=\"(max-width: 400px) 100vw, 400px\" \/><span class='cart-loading'><\/span><\/div><div class='inner_product_header'><div class='avia-arrow'><\/div><div class='inner_product_header_table'><div class='inner_product_header_cell'><\/div><\/div><\/div><div class='avia_cart_buttons '><a href=\"?add-to-cart=1998\" data-quantity=\"1\" class=\"button product_type_simple add_to_cart_button ajax_add_to_cart\" data-product_id=\"1998\" data-product_sku=\"\" aria-label=\"Ajouter &ldquo;F1X-CC M1&rdquo; \u00e0 votre panier\" rel=\"nofollow\"><span aria-hidden='true' data-av_icon='\ue859' data-av_iconfont='entypo-fontello'><\/span> Ajouter au panier<\/a><a class=\"button show_details_button\" href=\"https:\/\/www.elix-funboard.com\/index.php\/produit\/f1x-cc-m1\/\"><span aria-hidden='true' data-av_icon='\ue84b' data-av_iconfont='entypo-fontello'><\/span>  Voir les d\u00e9tails<\/a> <span class='button-mini-delimiter'><\/span><\/div><\/div><\/li>\n<li class=\"product type-product post-2000 status-publish onbackorder product_cat-condor-concept has-post-thumbnail shipping-taxable purchasable product-type-simple\">\n\t<div class='inner_product main_color wrapped_style noLightbox  av-product-class-'><div class='thumbnail_container'><img width=\"400\" height=\"400\" src=\"https:\/\/www.elix-funboard.com\/wp-content\/uploads\/2025\/12\/F1W-CC-W7-pont-400x400.png\" class=\"attachment-shop_catalog size-shop_catalog wp-post-image\" alt=\"\" loading=\"lazy\" srcset=\"https:\/\/www.elix-funboard.com\/wp-content\/uploads\/2025\/12\/F1W-CC-W7-pont-400x400.png 400w, https:\/\/www.elix-funboard.com\/wp-content\/uploads\/2025\/12\/F1W-CC-W7-pont-80x80.png 80w, https:\/\/www.elix-funboard.com\/wp-content\/uploads\/2025\/12\/F1W-CC-W7-pont-36x36.png 36w, https:\/\/www.elix-funboard.com\/wp-content\/uploads\/2025\/12\/F1W-CC-W7-pont-180x180.png 180w, https:\/\/www.elix-funboard.com\/wp-content\/uploads\/2025\/12\/F1W-CC-W7-pont-100x100.png 100w\" sizes=\"(max-width: 400px) 100vw, 400px\" \/><span class='cart-loading'><\/span><\/div><div class='inner_product_header'><div class='avia-arrow'><\/div><div class='inner_product_header_table'><div class='inner_product_header_cell'><\/div><\/div><\/div><div class='avia_cart_buttons '><a href=\"?add-to-cart=2000\" data-quantity=\"1\" class=\"button product_type_simple add_to_cart_button ajax_add_to_cart\" data-product_id=\"2000\" data-product_sku=\"\" aria-label=\"Ajouter &ldquo;F1X-CC W7&rdquo; \u00e0 votre panier\" rel=\"nofollow\"><span aria-hidden='true' data-av_icon='\ue859' data-av_iconfont='entypo-fontello'><\/span> Ajouter au panier<\/a><a class=\"button show_details_button\" href=\"https:\/\/www.elix-funboard.com\/index.php\/produit\/f1x-cc-w7\/\"><span aria-hidden='true' data-av_icon='\ue84b' data-av_iconfont='entypo-fontello'><\/span>  Voir les d\u00e9tails<\/a> <span class='button-mini-delimiter'><\/span><\/div><\/div><\/li>\n<\/ul><\/div><\/div><div class=\"clear\"><\/div><br \/>\n<div style=' margin-top:; margin-bottom:30px;'  class='hr hr-custom hr-center hr-icon-yes   avia-builder-el-0  el_before_av_hr  avia-builder-el-first  '><span class='hr-inner   inner-border-av-border-thin' style=' width:100px; border-color:#45c0d6;' ><span class='hr-inner-style'><\/span><\/span><span class='av-seperator-icon' style='color:#45c0d6;' aria-hidden='true' data-av_icon='\ue80f' data-av_iconfont='entypo-fontello'><\/span><span class='hr-inner   inner-border-av-border-thin' style=' width:100px; border-color:#45c0d6;' ><span class='hr-inner-style'><\/span><\/span><\/div><br \/>\n<div class='avia-gallery  avia-gallery-1 avia_lazyload avia-gallery-animate avia_animate_when_visible  '  itemprop=\"image\" itemscope=\"itemscope\" itemtype=\"https:\/\/schema.org\/ImageObject\" ><div class='avia-gallery-thumb'> <a href='https:\/\/www.elix-funboard.com\/wp-content\/uploads\/2021\/10\/condor-1-1030x591.jpg' data-rel='gallery-1' data-prev-img='https:\/\/www.elix-funboard.com\/wp-content\/uploads\/2021\/10\/condor-1-495x400.jpg' class='first_thumb lightbox ' data-onclick='1' title=''  itemprop=\"thumbnailUrl\" ><img  src='https:\/\/www.elix-funboard.com\/wp-content\/uploads\/2021\/10\/condor-1-260x185.jpg' width='260' height='185'  title='condor-1' alt='' \/><\/a> <a href='https:\/\/www.elix-funboard.com\/wp-content\/uploads\/2021\/10\/condor-2-1030x578.jpg' data-rel='gallery-1' data-prev-img='https:\/\/www.elix-funboard.com\/wp-content\/uploads\/2021\/10\/condor-2-495x400.jpg' class='lightbox ' data-onclick='2' title=''  itemprop=\"thumbnailUrl\" ><img  src='https:\/\/www.elix-funboard.com\/wp-content\/uploads\/2021\/10\/condor-2-260x185.jpg' width='260' height='185'  title='condor-2' alt='' \/><\/a> <a href='https:\/\/www.elix-funboard.com\/wp-content\/uploads\/2021\/10\/condor-3-1030x687.jpg' data-rel='gallery-1' data-prev-img='https:\/\/www.elix-funboard.com\/wp-content\/uploads\/2021\/10\/condor-3-495x400.jpg' class='lightbox ' data-onclick='3' title=''  itemprop=\"thumbnailUrl\" ><img  src='https:\/\/www.elix-funboard.com\/wp-content\/uploads\/2021\/10\/condor-3-260x185.jpg' width='260' height='185'  title='condor-3' alt='' \/><\/a> <a href='https:\/\/www.elix-funboard.com\/wp-content\/uploads\/2021\/10\/condor-4-1030x687.jpg' data-rel='gallery-1' data-prev-img='https:\/\/www.elix-funboard.com\/wp-content\/uploads\/2021\/10\/condor-4-495x400.jpg' class='lightbox ' data-onclick='4' title=''  itemprop=\"thumbnailUrl\" ><img  src='https:\/\/www.elix-funboard.com\/wp-content\/uploads\/2021\/10\/condor-4-260x185.jpg' width='260' height='185'  title='condor-4' alt='' \/><\/a> <a href='https:\/\/www.elix-funboard.com\/wp-content\/uploads\/2021\/10\/condor-5-1030x637.jpg' data-rel='gallery-1' data-prev-img='https:\/\/www.elix-funboard.com\/wp-content\/uploads\/2021\/10\/condor-5-495x400.jpg' class='lightbox ' data-onclick='5' title=''  itemprop=\"thumbnailUrl\" ><img  src='https:\/\/www.elix-funboard.com\/wp-content\/uploads\/2021\/10\/condor-5-260x185.jpg' width='260' height='185'  title='condor-5' alt='' \/><\/a> <a href='https:\/\/www.elix-funboard.com\/wp-content\/uploads\/2021\/10\/condor-6-1030x773.jpg' data-rel='gallery-1' data-prev-img='https:\/\/www.elix-funboard.com\/wp-content\/uploads\/2021\/10\/condor-6-495x400.jpg' class='lightbox ' data-onclick='6' title=''  itemprop=\"thumbnailUrl\" ><img  src='https:\/\/www.elix-funboard.com\/wp-content\/uploads\/2021\/10\/condor-6-260x185.jpg' width='260' height='185'  title='condor-6' alt='' \/><\/a><\/div><\/div><\/p><\/div>\n","protected":false},"excerpt":{"rendered":"","protected":false},"author":2,"featured_media":0,"parent":0,"menu_order":0,"comment_status":"closed","ping_status":"closed","template":"","meta":[],"yoast_head":"<!-- This site is optimized with the Yoast SEO plugin v17.3 - https:\/\/yoast.com\/wordpress\/plugins\/seo\/ -->\n<title>CONDOR Concept | Elix Funboard<\/title>\n<meta name=\"robots\" content=\"index, follow, max-snippet:-1, max-image-preview:large, max-video-preview:-1\" \/>\n<link rel=\"canonical\" href=\"https:\/\/www.elix-funboard.com\/index.php\/condor-concept\/\" \/>\n<meta property=\"og:locale\" content=\"fr_FR\" \/>\n<meta property=\"og:type\" content=\"article\" \/>\n<meta property=\"og:title\" content=\"CONDOR Concept | Elix Funboard\" \/>\n<meta property=\"og:url\" content=\"https:\/\/www.elix-funboard.com\/index.php\/condor-concept\/\" \/>\n<meta property=\"og:site_name\" content=\"Elix Funboard\" \/>\n<meta property=\"article:publisher\" content=\"https:\/\/fr-fr.facebook.com\/Elix-funboard-616040088418393\/\" \/>\n<meta property=\"article:modified_time\" content=\"2025-12-19T18:30:11+00:00\" \/>\n<meta name=\"twitter:card\" content=\"summary_large_image\" \/>\n<meta name=\"twitter:site\" content=\"@elixfunboard\" \/>\n<meta name=\"twitter:label1\" content=\"Dur\u00e9e de lecture estim\u00e9e\" \/>\n\t<meta name=\"twitter:data1\" content=\"2 minutes\" \/>\n<script type=\"application\/ld+json\" class=\"yoast-schema-graph\">{\"@context\":\"https:\/\/schema.org\",\"@graph\":[{\"@type\":\"Organization\",\"@id\":\"https:\/\/www.elix-funboard.com\/#organization\",\"name\":\"Elix Funboard\",\"url\":\"https:\/\/www.elix-funboard.com\/\",\"sameAs\":[\"https:\/\/fr-fr.facebook.com\/Elix-funboard-616040088418393\/\",\"https:\/\/www.instagram.com\/elixfunboard\/\",\"https:\/\/twitter.com\/elixfunboard\"],\"logo\":{\"@type\":\"ImageObject\",\"@id\":\"https:\/\/www.elix-funboard.com\/#logo\",\"inLanguage\":\"fr-FR\",\"url\":\"https:\/\/www.elix-funboard.com\/wp-content\/uploads\/2019\/10\/logo-gaulois-top.png\",\"contentUrl\":\"https:\/\/www.elix-funboard.com\/wp-content\/uploads\/2019\/10\/logo-gaulois-top.png\",\"width\":340,\"height\":156,\"caption\":\"Elix Funboard\"},\"image\":{\"@id\":\"https:\/\/www.elix-funboard.com\/#logo\"}},{\"@type\":\"WebSite\",\"@id\":\"https:\/\/www.elix-funboard.com\/#website\",\"url\":\"https:\/\/www.elix-funboard.com\/\",\"name\":\"Elix Funboard\",\"description\":\"\",\"publisher\":{\"@id\":\"https:\/\/www.elix-funboard.com\/#organization\"},\"potentialAction\":[{\"@type\":\"SearchAction\",\"target\":{\"@type\":\"EntryPoint\",\"urlTemplate\":\"https:\/\/www.elix-funboard.com\/?s={search_term_string}\"},\"query-input\":\"required name=search_term_string\"}],\"inLanguage\":\"fr-FR\"},{\"@type\":\"WebPage\",\"@id\":\"https:\/\/www.elix-funboard.com\/index.php\/condor-concept\/#webpage\",\"url\":\"https:\/\/www.elix-funboard.com\/index.php\/condor-concept\/\",\"name\":\"CONDOR Concept | Elix Funboard\",\"isPartOf\":{\"@id\":\"https:\/\/www.elix-funboard.com\/#website\"},\"datePublished\":\"2021-10-16T12:22:22+00:00\",\"dateModified\":\"2025-12-19T18:30:11+00:00\",\"breadcrumb\":{\"@id\":\"https:\/\/www.elix-funboard.com\/index.php\/condor-concept\/#breadcrumb\"},\"inLanguage\":\"fr-FR\",\"potentialAction\":[{\"@type\":\"ReadAction\",\"target\":[\"https:\/\/www.elix-funboard.com\/index.php\/condor-concept\/\"]}]},{\"@type\":\"BreadcrumbList\",\"@id\":\"https:\/\/www.elix-funboard.com\/index.php\/condor-concept\/#breadcrumb\",\"itemListElement\":[{\"@type\":\"ListItem\",\"position\":1,\"name\":\"Accueil\",\"item\":\"https:\/\/www.elix-funboard.com\/index.php\/windsurf\/\"},{\"@type\":\"ListItem\",\"position\":2,\"name\":\"CONDOR Concept\"}]}]}<\/script>\n<!-- \/ Yoast SEO plugin. -->","yoast_head_json":{"title":"CONDOR Concept | Elix Funboard","robots":{"index":"index","follow":"follow","max-snippet":"max-snippet:-1","max-image-preview":"max-image-preview:large","max-video-preview":"max-video-preview:-1"},"canonical":"https:\/\/www.elix-funboard.com\/index.php\/condor-concept\/","og_locale":"fr_FR","og_type":"article","og_title":"CONDOR Concept | Elix Funboard","og_url":"https:\/\/www.elix-funboard.com\/index.php\/condor-concept\/","og_site_name":"Elix Funboard","article_publisher":"https:\/\/fr-fr.facebook.com\/Elix-funboard-616040088418393\/","article_modified_time":"2025-12-19T18:30:11+00:00","twitter_card":"summary_large_image","twitter_site":"@elixfunboard","twitter_misc":{"Dur\u00e9e de lecture estim\u00e9e":"2 minutes"},"schema":{"@context":"https:\/\/schema.org","@graph":[{"@type":"Organization","@id":"https:\/\/www.elix-funboard.com\/#organization","name":"Elix Funboard","url":"https:\/\/www.elix-funboard.com\/","sameAs":["https:\/\/fr-fr.facebook.com\/Elix-funboard-616040088418393\/","https:\/\/www.instagram.com\/elixfunboard\/","https:\/\/twitter.com\/elixfunboard"],"logo":{"@type":"ImageObject","@id":"https:\/\/www.elix-funboard.com\/#logo","inLanguage":"fr-FR","url":"https:\/\/www.elix-funboard.com\/wp-content\/uploads\/2019\/10\/logo-gaulois-top.png","contentUrl":"https:\/\/www.elix-funboard.com\/wp-content\/uploads\/2019\/10\/logo-gaulois-top.png","width":340,"height":156,"caption":"Elix Funboard"},"image":{"@id":"https:\/\/www.elix-funboard.com\/#logo"}},{"@type":"WebSite","@id":"https:\/\/www.elix-funboard.com\/#website","url":"https:\/\/www.elix-funboard.com\/","name":"Elix Funboard","description":"","publisher":{"@id":"https:\/\/www.elix-funboard.com\/#organization"},"potentialAction":[{"@type":"SearchAction","target":{"@type":"EntryPoint","urlTemplate":"https:\/\/www.elix-funboard.com\/?s={search_term_string}"},"query-input":"required name=search_term_string"}],"inLanguage":"fr-FR"},{"@type":"WebPage","@id":"https:\/\/www.elix-funboard.com\/index.php\/condor-concept\/#webpage","url":"https:\/\/www.elix-funboard.com\/index.php\/condor-concept\/","name":"CONDOR Concept | Elix Funboard","isPartOf":{"@id":"https:\/\/www.elix-funboard.com\/#website"},"datePublished":"2021-10-16T12:22:22+00:00","dateModified":"2025-12-19T18:30:11+00:00","breadcrumb":{"@id":"https:\/\/www.elix-funboard.com\/index.php\/condor-concept\/#breadcrumb"},"inLanguage":"fr-FR","potentialAction":[{"@type":"ReadAction","target":["https:\/\/www.elix-funboard.com\/index.php\/condor-concept\/"]}]},{"@type":"BreadcrumbList","@id":"https:\/\/www.elix-funboard.com\/index.php\/condor-concept\/#breadcrumb","itemListElement":[{"@type":"ListItem","position":1,"name":"Accueil","item":"https:\/\/www.elix-funboard.com\/index.php\/windsurf\/"},{"@type":"ListItem","position":2,"name":"CONDOR Concept"}]}]}},"_links":{"self":[{"href":"https:\/\/www.elix-funboard.com\/index.php\/wp-json\/wp\/v2\/pages\/1570"}],"collection":[{"href":"https:\/\/www.elix-funboard.com\/index.php\/wp-json\/wp\/v2\/pages"}],"about":[{"href":"https:\/\/www.elix-funboard.com\/index.php\/wp-json\/wp\/v2\/types\/page"}],"author":[{"embeddable":true,"href":"https:\/\/www.elix-funboard.com\/index.php\/wp-json\/wp\/v2\/users\/2"}],"replies":[{"embeddable":true,"href":"https:\/\/www.elix-funboard.com\/index.php\/wp-json\/wp\/v2\/comments?post=1570"}],"version-history":[{"count":58,"href":"https:\/\/www.elix-funboard.com\/index.php\/wp-json\/wp\/v2\/pages\/1570\/revisions"}],"predecessor-version":[{"id":2160,"href":"https:\/\/www.elix-funboard.com\/index.php\/wp-json\/wp\/v2\/pages\/1570\/revisions\/2160"}],"wp:attachment":[{"href":"https:\/\/www.elix-funboard.com\/index.php\/wp-json\/wp\/v2\/media?parent=1570"}],"curies":[{"name":"wp","href":"https:\/\/api.w.org\/{rel}","templated":true}]}}